remainder when 2649 is divided by s(8).
24
Let b = 19 + -15. Let p(y) = y**2 + y + 1. Let q(x) = -x**3 - 5*x**2 - 5*x - 1. Let z(v) = 6*p(v) + q(v). Calculate the remainder when z(-2) is divided by b.
3
Suppose 81 = -54*g + 57*g. Let f = -2 - -10. What is the remainder when g is divided by (-3)/12 - (-114)/f?
13
Let p(a) be the third derivative of 0 + 1/4*a**4 - 11*a**2 + 0*a**3 + 0*a. Calculate the remainder when p(1) is divided by 5.
1
Let s = 425720 - 425659. Suppose -56 = -4*a - l, -2*a - 5 = 3*l - 23. Calculate the remainder when s is divided by a.
1
Suppose -21 = -7*b + 5*b + 5*k, 3*b = k + 25. Suppose -i + 4*i - s - b = 0, 2*i - s = 5. What is the remainder when 3 is divided by i?
0
Let m(u) = 26*u - 16. Let i = -60 + 63. Suppose i + 13 = 4*x. Calculate the remainder when m(x) is divided by 23.
19
Let y(o) = -o**3 + 13*o**2 - 37*o - 19. What is the remainder when (1400/(-15) - 6)/((-4)/6) is divided by y(6)?
6
Let y = 457 - 19. Suppose -291 = -5*s + 4*f, 3*s - 74 = -4*f + 75. What is the remainder when y is divided by s?
53
Let i(u) = 74*u**3 - 14*u**2 + 14*u - 2. What is the remainder when i(2) is divided by 21?
16
Let a = -470 + 527. Let d = -357 - -526. What is the remainder when d is divided by a?
55
Let y = -13654 + 26061. Calculate the remainder when y is divided by 17.
14
Let i(f) = 107*f**2 - 24*f - 211. What is the remainder when i(-12) is divided by 17?
15
Suppose 18*u + 2 = 19*u. Suppose -2*f - 6 = 0, -u*f = -4*w - 0*w + 1250. Let p = w + -210. Calculate the remainder when p is divided by 26.
23
Let u(n) = 17*n + 3. Let l(b) = -60*b - 83. Calculate the remainder when l(-5) is divided by u(2).
32
Suppose -128 + 23 = -21*l. Suppose 0 = -4*j - 2*z - 3*z + 53, -5*z + 70 = l*j. What is the remainder when 457 is divided by j?
15
Suppose 0 = u - u + 11*u. Suppose -143 = -10*y + 9*y - 2*s, 5*s + 20 = u. What is the remainder when y is divided by 13?
8
Suppose 4*o - 297 - 287 = -4*y, -2*o = 4*y - 284. Calculate the remainder when 1499 is divided by o.
149
Suppose 2*r - 2*h = -14, 3*r - 2 = -5*h - 7. What is the remainder when 301 is divided by (r + -67)*5/(-20)?
13
Let l = 496 + -287. Let u = 5843 - 5772. What is the remainder when l is divided by u?
67
Let x(v) = -20*v + 728. What is the remainder when x(15) is divided by 101?
24
Suppose 2*g + 0*i + 4 = -3*i, 32 = 3*g - 5*i. Suppose 245 = -5*b - 4*l + 967, 4*b + g*l = 576. Calculate the remainder when b is divided by 44.
14
Let f(s) = 13*s**2 + 8*s + 6. Let n be f(-2). Let t = 82 - n. Calculate the remainder when t is divided by 5.
0
Let i be (-8)/(-16) + (1 - 9/6). Suppose -8*g + 112 + 48 = i. What is the remainder when g is divided by 10?
0
Calculate the remainder when 389 is divided by (-14)/7 + ((-8)/(-12))/(32/1200).
21
Suppose -j = m - 5, 2*j + 6 - 16 = 0. Calculate the remainder when (122 + m)*(-2)/4*-1 is divided by 24.
13
Let d be -3 + (-8 + 331 - 3). Let y = -252 + d. What is the remainder when y is divided by 39?
26
Let k = -3742 + 3822. What is the remainder when 123 is divided by k?
43
Suppose -47*n - 2114 = -4*o - 33*n, 5*n + 5 = 0. Calculate the remainder when o is divided by 57.
12
Suppose -51*w + 14 = p - 52*w, 0 = -4*p - 4*w + 96. Calculate the remainder when 892 is divided by p.
18
Let j = -732 + 1212. Calculate the remainder when j is divided by 98.
88
Let l(w) = -w**3 - 3*w**2 - w - 7. Let g be l(-3). Suppose d + 22 = 6*d - c, 8 = 4*d + 4*c. What is the remainder when (g/5)/((-4)/50) is divided by d?
2
Let s(q) = -30*q**2 - 36*q - 97. Let f be s(-3). Let d = f - -367. Calculate the remainder when d is divided by 7.
3
Suppose 0 = 3*h + 12, -3*n - 1154 = -h. Let o = 403 + n. Calculate the remainder when o is divided by (4/5)/((-4)/(-30)).
5
Let a(n) = -2*n**2 + 21*n - 2. Let u be a(10). Let i(g) = -3*g + 62. Calculate the remainder when 72 is divided by i(u).
34
What is the remainder when 254 is divided by (-2)/(-10) + ((-796)/(-20) - 17)?
1
Suppose -2*k + 109 + 842 = -5*j, j - 1913 = -4*k. What is the remainder when k is divided by 50?
28
Let g(j) = -j**3 - 11*j**2 + 3*j + 27. Let u be g(-11). Let a be u + (-9)/(-3) + (3 - 5). Calculate the remainder when 64 is divided by a/(3 + -8) + 1 + 9.
9
Let f = 2548 - 2527. Calculate the remainder when 157 is divided by f.
10
Let t = 35 + -16. Suppose 287*j - 301*j - 2 + 422 = 0. What is the remainder when j is divided by t?
11
Let b(g) = g + 3. Let d be b(20). Suppose d*t - 15*t = -8. Calculate the remainder when ((-848)/4 - (-3 - 0))*t is divided by 42.
41
Let q = -34 + 34. Suppose -m - 11*m + 144 = q. Let c(k) = -k**2 - 6*k - 4. What is the remainder when m is divided by c(-3)?
2
Suppose 0 = -114*v - 505 + 5179. What is the remainder when 184 is divided by v?
20
Suppose -280 = -3*w - 2*k + 7*k, -5*k = 3*w - 260. Suppose -4*g + w + 70 = 0. Calculate the remainder when g is divided by 21.
19
Let g = -3406 + 3454. Let j be (4/(-6))/((-2)/(-96)). Let t = j + g. What is the remainder when 59 is divided by t?
11
Let n = -38283 - -38319. Suppose -6*p + 2*p - 120 = -4*f, 2*f + 3*p - 70 = 0. What is the remainder when n is divided by f?
4
Suppose 70*k + 19 = 69*k. Let m = k - -46. Calculate the remainder when 127 is divided by m.
19
What is the remainder when 416 is divided by -1*(-8 + (11 - 22))?
17
Calculate the remainder when -88*(-6)/4 + 3 is divided by (-34)/10 - 9/(-3) - 237/(-5).
41
What is the remainder when 7113 is divided by 27/(-12)*(-13)/(429/176)?
9
Let a = 43825 + -43806. What is the remainder when 35 is divided by a?
16
Let m be -2*35/(-1) + 34/17. What is the remainder when m - (17/(-5) - 18/(-45)) is divided by 19?
18
Let r be 136/20 + -6 + 152/10. Let k = -3 + r. What is the remainder when 83 is divided by k?
5
Let z(n) = -n**3 - 34*n**2 - 35*n + 26. Let q be z(-33). Suppose -q = 7*j - 274. What is the remainder when j is divided by 14?
12
Suppose 0 = -5*x + 2*z + 55, 0 = -253*x + 249*x - 5*z + 44. What is the remainder when 17807 is divided by x?
9
Let n(w) = -3*w - 12. Let p(d) = 8*d + 35. Let x(r) = 11*n(r) + 4*p(r). Let i be x(3). Let h = i - -6. Calculate the remainder when h is divided by 7.
4
Let c be (66/6 - 2) + -6. Suppose -5 = c*r - 20. What is the remainder when 35 is divided by r?
0
Let p be 3/((-12)/16) - 2. Suppose 5*a - 6 - 89 = -5*m, -m + 19 = -4*a. Let y = m + p. What is the remainder when 25 is divided by y?
12
Suppose -4*k + 47 - 79 = 0. Let x(f) = -f - 4. Let w be x(k). Suppose w*r - 2*r = 80. What is the remainder when 118 is divided by r?
38
Let s(u) = -u**3 + 3*u - 1. Let w be s(2). Suppose -416 + 548 = 11*l. What is the remainder when l is divided by w/(3/(-4)) + 0?
0
Let a(w) = 62*w**2 - 23*w + 47. Calculate the remainder when a(3) is divided by 87.
14
Calculate the remainder when (-40)/(-80)*(-7)/((-28)/776) is divided by 38.
21
Suppose 0 = 6*a - 11 - 91. Calculate the remainder when (10 - 1) + a + 89 is divided by 29.
28
Let n(i) = 8*i**2 - 17*i + 4. Let c be n(6). Suppose -24*x + 2 = -c. What is the remainder when 12 is divided by x?
4
Let x = 229 - 150. Suppose 0 = 3*a + d - 99, 3*a - 20 = d + x. Calculate the remainder when 230 is divided by a.
32
Suppose 110 = 5*i + 5*j, -i - 4*j = -74 + 40. Calculate the remainder when 746 is divided by i.
8
What is the remainder when 80 is divided by 6/(-30)*-15 - -11?
10
Let j(r) = 2*r**2 + 1. Let q(c) = 50*c**2 + 47*c + 33. Calculate the remainder when q(3) is divided by j(-3).
16
Suppose 11*z = 902 - 616. Calculate the remainder when 384 is divided by z.
20
Let k(m) = -m**2 - 16*m - 51. Let g be k(-8). Suppose -g*f + 26*f = 52. What is the remainder when (14 + 1)*5/15 is divided by f?
1
What is the remainder when (2 - -51) + (-8 - -5) is divided by 3 + (-51)/3 + 36?
6
Let m(j) = 4*j**3 - 5*j**2 + 18*j - 3. Let b be m(3). Let o be 6/(-15) + 64/10. Suppose -o*w = -b - 96. Calculate the remainder when w is divided by 19.
16
Suppose -490 - 1109 = -27*l + 291. Calculate the remainder when 165 is divided by l.
25
Calculate the remainder when 1173 is divided by (-2 + 138/(-23))/(1/(-5)*2).
13
Let i(j) = -2*j + 2. Let x be i(0). Let z(k) = k**2 + 2*k - 2. Let n be z(x). What is the remainder when (13 + 23)*8/n is divided by 13?
9
Suppose 0 = 4*d - 12, -6*d + 4*d + 3 = -t. Suppose -4*j + 122 = -t*b - 291, 3*b = 2*j - 211. Calculate the remainder 